- (10 - -2) - -6)
-133
What is 8 + (-47 - -4) - (-60 + 32 - -43)?
-50
What is (-4 + (3 - 3) - -19) + (54 - 64) + 36?
41
(46 - 72 - (-1 + -7)) + (199 - 98)
83
Calculate (9 + -9 - 53) + 12 + 10 + -39.
-70
Calculate (13 - (-45 + 3)) + -5.
50
What is the value of 43 + (-14 + -23 + 61 - 46)?
21
What is -1 + 47 - (55 + -148 - -95)?
44
Calculate -1 + 54 + (-24 - (-28 - -30) - -22).
49
Calculate 44 - (4 + 9 + -13 + 12).
32
Evaluate (148 - 169) + 34 + -7.
6
What is the value of 0 + 0 + -4 + 3 + 248 + -282?
-35
What is the value of (-38 - -11) + (-49 + 28 - (-1 + -13))?
-34
Evaluate (10 + 49 + -45 - (10 - 0)) + -45 - 12.
-53
What is the value of -29 - 39 - (31 + (-9 - 18) + (-1 - -10))?
-81
Calculate 4 - ((0 - 13) + (-348 - -337)).
28
Evaluate 64 + (70 + -53 - 58).
23
(148 - (16 + 22)) + -18
92
39 + (-33 + 0 - -56)
62
Evaluate 259 + -216 - (-3 + 129 - -1).
-84
Evaluate -243 + 310 - (26 + 59).
-18
What is (-2 - (44 - 88)) + -50?
-8
What is the value of 18 + 13 + -9 + 79 + (-30 - -34)?
105
What is 37 + -284 + 250 + -1 + (-36 - -2)?
-32
What is -36 - (-71 + 129 + -104)?
10
What is the value of (12 + 2 - 6) + (41 - 30 - (69 + 1))?
-51
3 - (-7 + 0) - (41 + -15 - 40)
24
Evaluate -5 + 9 - (6 - (-11 + 23 + -17)).
-7
57 + (-55 - -29) - (-1 + 13 + 2)
17
What is the value of -11 + 11 + -9 + 12 - 10 - 18?
-25
What is (10183 - 10045) + -1 + (8 - 0)?
145
What is the value of 71 + (-22 - -2 - (-266 + 259))?
58
Evaluate -53 + -8 + (12 - 0 - (53 - (48 + 6))).
-48
Evaluate 58 - 84 - -47 - 37.
-16
What is -1 - 9 - (-22 - (1 - 26 - -33 - 39))?
-19
What is the value of (28 - 34) + 67 + (-16 - -2 - -7) + -3?
51
-13 + (-9 + (1 - -1 - 4) - (2432 + -2495))
39
Calculate -786 + 822 + -3 + 1 + (14 - 3) - -11.
56
-11 + 27 + (-16 - (-1 + -1))
2
Calculate -2 + -35 + -5 - (-2635 + 2592).
1
Evaluate -52 + (101 - 58 - -2).
-7
What is 77 + -58 - (48 + 0)?
-29
What is -17 + (-23 - -27) + 23 - (4 - 6)?
12
Calculate 3 + (17 - 0) + 158 + -164 - -6.
20
Evaluate (0 - -1 - (1 + (-21 - -12))) + -10 + -30.
-31
-26 - 11 - (-9 - 55)
27
What is 29 - (-34 - (-12 - 23))?
28
5 - (2 - (22 - (23 + -10)) - (-17 + 1))
-4
What is (49 - (-40 - -197)) + (1 - -9)?
-98
What is the value of 3 - (-3 - -36) - (2 - (-34 - -35))?
-31
What is the value of -52 - (10 + -1 + -16 - (16 - 22))?
-51
Evaluate -20 - (-6 + -19 - (4 + -8)) - -53.
54
Calculate 0 + (62 - 54) + 0.
8
Calculate (-23 - (64 - 34)) + 45.
-8
127 + -32 + 38 + -39 + 22
116
What is (12 - (-27 + 6 + 12)) + 18?
39
What is 42 + 108 + -206 + (-1 - -2) + -23?
-78
What is -32 + 32 + 13 - 31 - -10?
-8
What is -3 + -1 + -202 + 211 - (1 - -78) - -4?
-70
What is -4 + (15 - (-12 - -35))?
-12
What is 399 + -433 + (-3 - -14) + -7?
-30
What is -25 + (-18 - (2 - -9 - -2)) - -12?
-44
-171 + 143 - 2 - -22
-8
What is 68 - 29 - (41 - -4)?
-6
(9 - 8) + (-23 - (3 - 2)) - (10 - 7)
-26
Evaluate -11 + 2 + -2 - (-28 - (-61 - -27)).
-17
4 - 40 - (-33 + 7 - -4)
-14
What is (0 - -10) + (7 + -8 - -1 - -5) + -63?
-48
Evaluate 31 + -17 + 17 + -7 - (20 - 31).
35
Calculate 1 + 175 + (956 - 1026).
106
Calculate -2 + -16 + -3 + 5 - (9 - -2).
-27
Calculate 17 + (0 - 9) + -38 + (31 - -3).
4
Evaluate -1 - (56 + -38 + 14) - (-9 - -3).
-27
Evaluate (-97 - -10 - (11 + -1)) + 5 + -3 + 10.
-85
Evaluate (-119 - (-33 + -152)) + 2 + 21.
89
28 + (4 + 4 + -4 + 12 - (-57 + 64))
37
Evaluate -23 - (-58 - (-20 - -5)) - 7.
13
Evaluate -14 - (20 - (14 + 25)) - (-25 + 1).
29
-9 + (2 - 1) + (95 - 100) + 25
12
(-96 - (-34 - -43)) + 1 + 23
-81
Calculate 71 + -93 + 49 - 27.
0
Evaluate 0 + (4 - (29 + -29 - (3 + -1 + -11))).
-5
Evaluate 2 + (-25 - 16) + -14 + 8.
-45
What is 26 - (-14 + 1 + 8 + 8 - (4 - 8))?
19
(-116 - (103 - 223)) + -89
-85
Calculate -80 - -57 - -15 - 31.
-39
Calculate -79 - (-24 + (-17 - -10)).
-48
What is -44 - (4 + -2 + 0 + (-18 - -9))?
-37
(30 - 2) + -4687 + 4740
81
Evaluate 5 - (-4 + 98 - 62).
-27
What is the value of 11 + (114 - 137 - 38)?
-50
(49 - (28 - -7)) + -34 - (-32 + -3)
15
What is -75 + (47 + 36 - 111) + (0 - -10)?
-93
What is -5 + 2 + 5 + (-1153 - -1122)?
-29
What is (1 - 1 - 27) + -2 + (-139 + 35 - -96)?
-37
-154 - -64 - -122 - 64
-32
Calculate -19 + (211 + -196 - (0 - -7) - (5 - 2)).
-14
What is 64 + -43 + 7 + -57?
-29
Evaluate (-4 - 56) + (-2132 - -2166).
-26
(133 - 59 - 45) + -92
-63
What is the value of (289 + -319 - (-65 + 2)) + -32?
1
What is 2723 - 2738 - (5 + -3 + (2 + -4 - 8))?
-7
Evaluate 2 + -33 + (111 - 70 - -64).
74
-8 + -28 + 3 + -8 + 20
-21
What is (1 - -82) + 1563 + -1713?
-67
What is the value of 61 - (31 + (-28 - -50))?
8
Evaluate 5508 - 5522 - (26 + 1 - 2).
-39
(0 - 7) + (38 + 5 + -53 - -33)
16
What is the value of -17 + (-6 - (16 + -51))?
12
Calculate 105 + -63 + -24 - (0 - -7) - (52 - 1).
-40
What is the value of 70 + -1 - (977 + -984)?
76
What is 5 - (-61 + 49 - (-12 + 3) - 47)?
55
What is 13 + 46 + (-5 - -4) - 16?
42
(-80 + 43 - (2 + -5) - 10) + -10
-54
What is the value of (-1786 - -1829) + (-1 - 81)?
-39
What is the value of (1518 - 1533) + 68 + 2?
55
What is the value of (15 + 62 - (43 + 0)) + -38?
-4
What is (-23 - -20) + (24 - 10) + 4 + 71?
86
Calculate 22 + (14 - 60) + 2.
-22
-26 - ((-748 + 719 - (-1 - 11)) + 3 + 2)
-14
What is the value of (-11 - 33) + 211 - 13 - -1?
155
Evaluate (-136 - 3) + 40 + -59 + 33 + 8.
-117
What is 1 + 38 - (-19 + (14 - 17) - -21)?
40
What is 8 + (-89 - (-124 + -6))?
49
What is the value of 19 + (8 + (16 - 152 - 19) - -5)?
-123
Calculate -2 - (-1131 + 1158 + 11 + -1).
-39
Evaluate -1 + -79 + 53 + -99 + 6 + 39.
-81
What is -21 - 47 - (2 + -11 + 8)?
-67
(-18 - (0 - -1)) + 173 + (-326 - -203)
31
What is -27 - (27 + 11 - 28)?
-37
Evaluate -67 + -10 - (-40 + 24 + 15).
-76
Evaluate (-175 - ((-51 - -16) + -2)) + 36.
-102
8 + -4 + (-14 - -24)
14
What is the value of 80 + -90 - (-16 - -8) - -41?
39
What is -9 + (68 - 38) + 2?
23
What is -13 + 1 - (-77 + -1 + -16 + (125 - 136))?
93
What is -22 + -38 + (57 - 28) + 11?
-20
22 - (-19 - -39 - -22) - -62
42
Evaluate (87 - 57) + -97 + 78.
11
48 + -1 - (330 + -281)
-2
Calculate (-31 - 2 - 1) + 29 + (-50 - -9).
-46
What is the value of -25 - (20 - (-19 + 44 - -6))?
-14
Evaluate 15 + (-231 + 218 - (-18 + 8 - (-5 - -2))).
9
What is the value of (5 - -4) + (2 - 7) - (6 - 14 - -18)?
-6
-5787 + 5615 - (-126 + 0)
-46
Evaluate (-36 - -69 - 48) + (1 - (84 - -5)) + -1.
-104
What is the value of 253 + 6 + -33 + -114?
112
44 + (0 - 15) + 3 - -12
44
Calculate (-20 - (-4 + -42) - 64) + (5 - -1).
-32
13 - (-75 - (8 + (5 - 28)))
73
4 - 7 - (51 - (-22 - -31))
-45
Evaluate 1013 - 1001 - (-1 - (74 + 6)).
93
What is the value of (52 - 86) + -11 + 55?
10
(9 - 8) + -30 - (2 - -4) - -8
-27
What is the value of -14 - ((-37 - -9) + 57)?
-43
-2 - (-5 + 10 - 96 - (-5 + 3))
87
-1 + 1 - (-27 + (131 - 90) - (5 + 0))
-9
Calculate -4 + (6 - (-12 - (12 + -21))) + -18 + 21.
8
What is the value of (15 + 3 - 0 - -1) + 760 + -753?
26
What is (19 - 104) + -114 + 138?
-61
What is the value of (-115 - -119) + (-7 - 32)?
-35
Evaluate 80 + (19 - (17 - 11 - -4)) + -10 + -2.
77
What is -21 + (99 - 73) + 17 + -1?
21
Evaluate 16 + -22 - 10 - -37 - 0.
21
What is the value of (-8 - 1) + (-7 - -10) - (31 + -57 + -5)?
25
Calculate -1 + (-13 - (-2 - 9)) + 2.
-1
What is the value of -16 + 17 - -33 - (-46 - -73)?
7
(-15 - (11 - 40)) + (1 + 28 - 5)
38
What is (-31 - 7) + 43 - 53?
-48
Evaluate 37 + 1 + -46 - (-3 + 3 + 1 + -31).
22
What is the value of (81 - 80) + (1 - -4 - 10 - (1 + -1))?
-4
What is the value of -21 + -21 + 39 + 19 + 80?
96
Calculate -468 + 434 - (-41 - -1).
6
Calculate -4 + (-3 - -3) + 1 - (-2435 + 2434).
-2
Calculate -156 + 12 - -128 - 62.
-78
Evaluate 0 + -1 + (105 - 1) + (-596 + 95 - -499).
101
What is -7 - (-23 + 29 + -19 + 1)?
5
-3301 + 3270 - (-1 + 2 - (-2 + -1 + 6))
-29
-128 + (21 - 0 - ((-37 - -49) + -10))
-109
Calculate -18 - (9 + -11) - 9 - -8 - -7.
-10
Calculate 48 + -44 - (2 - (1 + -6 + 3 + 2)).
2
-18 - (-32 - -28) - -25 - 19
-8
What is 26 + -3 - (99 - ((-63 - -21) + 57))?
-61
Evaluate 0 - -12 - (-97 - -149) - -15.
-25
Calculate -18 - 0 - (33 - (26 - 48 - -71)).
-2
Calculate -7 + (-7 - 0) + 38 + -40 + 81.
65
Evaluate 61 - (155 + (-43 - 49)).
-2
9 + -11 - (-90 + 60)
28
What is the value of -17 + (-3 - 6) + 87 + -86?
-25
Calculate -1 + (5 - (0 + 4)) + -14 + (-6 - 39).
-59
-40 - (199 - 123 - 108)
-8
Evaluate -154 + 